ommon factor of 255 and f.
15
Suppose -157788 = -42*g - 34*g + 22*g. Calculate the highest common factor of 9 and g.
3
Let v = -1565 + 1117. Let u be 2520/196*v/(-6). What is the highest common divisor of u and 48?
48
Let y be (6*44/(-99))/((-88)/924). Let g be 345/(-7) + (-2)/(-7). Let t = g + 133. Calculate the greatest common divisor of t and y.
28
Suppose -39 = 7*g + 941. Let a = 191 + g. What is the greatest common factor of 3 and a?
3
Let f(r) = 96*r**2 - 21*r - 64. Let m be f(-4). What is the greatest common factor of 4 and m?
4
Let g = -3883 - -4020. What is the highest common factor of g and 1096?
137
Let n(x) = x**2 - 19*x - 18. Let g be n(20). Let v(f) = 8*f**2 - 10*f + 18. Let m be v(g). What is the greatest common factor of m and 30?
30
Suppose -4*z = 4*h - 1456, 0 = 429*z - 432*z - 5*h + 1100. What is the highest common divisor of z and 306?
18
Suppose 3*o - 12 = 2*f, f + 0*o = 5*o - 6. Let i be (-243)/(-18)*4/f. Let s be 2/4 + i/(-6). Calculate the greatest common divisor of 22 and s.
2
Suppose -62*j = -112*j + 93*j - 6450. Suppose -3*s = 5*v - 24, s + 9 = 4*v - 17. What is the greatest common factor of v and j?
6
Suppose -5871*g = -5878*g + 189. What is the highest common divisor of 10773 and g?
27
Suppose -22 = -3*c + 2. Suppose 13*p = 9*p + 16, 0 = -4*b + 3*p - 4. Calculate the highest common factor of b and c.
2
Let z(w) = 116*w**2 - 9*w - 39. Let x be z(-4). Calculate the highest common factor of 218 and x.
109
Let l(z) = -z**2 + z + 1. Let j(o) = -22*o**2 + 10*o + 40. Let c(q) = -j(q) + 12*l(q). Let x be c(6). What is the highest common divisor of 43 and x?
43
Suppose -2656 = -2*k - b, b + 910 = k - 424. Calculate the greatest common factor of k and 304.
38
Let f(i) = -335*i + 1931. Let g be f(5). Let y(d) = 9*d - 1. Let l be y(1). What is the greatest common factor of g and l?
8
Let j = -64 + 76. Suppose 5*p - 3*p = -3*f + 27, f - j = -p. Calculate the greatest common factor of p and 3.
3
Let g be 548/8 + (-117)/26. Suppose 0 = -2*n - 10, 3 + 1 = -m - 2*n. Calculate the highest common factor of m and g.
2
Let m = -10033 + 10411. Calculate the greatest common factor of m and 1302.
42
Let z(i) = -i**2 - 23*i + 16. Let r be z(-20). Let b = 117 - r. Calculate the greatest common factor of b and 41.
41
Let t be (5/((-45)/24))/(-1 - 9626/(-9630)). What is the highest common factor of t and 60?
60
Suppose 2*t - 3*t + 4 = 0, -r - t - 2 = 0. Let g be r*((-82)/3 - -4). Calculate the highest common factor of g and 35.
35
Suppose 15*a + 152 = -223. Let d(g) = -g**3 - 25*g**2 - g - 5. Let y be d(a). What is the highest common divisor of 120 and y?
20
Suppose -967 = -y - 247. Let c be (80/(-15))/(136/(-612)). What is the highest common divisor of y and c?
24
Suppose 96*o - 52 = 83*o. Let i = 8 + -5. Suppose 94 = i*a + o. What is the greatest common factor of a and 6?
6
Let j = 10 + -6. Let p be (20 + 6*j/(-8))*1. Let v be (4 + -2 + 1)*(-306)/(-27). What is the highest common divisor of p and v?
17
Let l(n) = 4*n**3 - 5*n**2 + n - 5. Let q be l(5). Let r(c) = 15*c + 45. Let a be r(34). Let b = a - q. Calculate the greatest common factor of b and 72.
36
Let k(j) = -j**2 - 6*j + 28. Let v be k(-8). Let b be v/8*(-624)/(-9). What is the greatest common divisor of b and 182?
26
Suppose -y - 45 + 216 = 3*x, -2*y + 2*x = -382. What is the highest common divisor of 1023 and y?
93
Let v(n) = -n**3 + 44*n**2 + 127*n - 11. Let x be v(-3). Calculate the highest common divisor of x and 1519.
31
Let c be (-117)/546 + 8241/42. What is the highest common divisor of 518 and c?
14
Let c(u) = 2*u**2 - 21*u - 31. Suppose 3*f = -4*w + 24, 4*f + 9*w - 13*w = 60. Let z be c(f). Calculate the greatest common factor of 8 and z.
1
Let u = 85 + -41. Let j be 2/(256/1166 + (-8)/u). Let h = 163 - j. Calculate the greatest common divisor of 10 and h.
10
Suppose 3*v = 2*d + 100, 33 + 5 = v - 3*d. Suppose -3*q - q + v = 0. Let o be q + (-2 + 3)*-4. What is the greatest common divisor of 44 and o?
4
Let n = -3482 - -3589. Suppose 3*p = p + 26. Let c = n + p. Calculate the greatest common factor of c and 24.
24
Suppose w - i = 44, 2*i + 42 = 234*w - 233*w. Calculate the highest common factor of w and 14.
2
Suppose 8 = 3*o - 1. Suppose 2*l - 5*g - 10 = -o*l, 0 = -5*l - 2*g + 31. Let p be -3*((-152)/5 + (-3)/l). Calculate the greatest common divisor of 62 and p.
31
Let v be ((-65)/20)/(2/8). Let m = 8 + v. Let d be ((-2)/m)/((-4)/(-380)). Calculate the highest common factor of 266 and d.
38
Let b(o) = -o**2 + 37*o + 43. Let w be b(37). Suppose -47 = -5*n - q, -11*q + 12*q + w = 5*n. Calculate the greatest common factor of 54 and n.
9
Let d(g) = g**3 - 6*g**2 - 49*g + 351. Let a be d(6). Calculate the greatest common factor of 1919 and a.
19
Let s = -335 - -419. Let m be (110/77)/(1/s*3). Calculate the greatest common divisor of 8 and m.
8
Suppose h - 1 = 56. Let a = h - -14. Suppose -5*d - a + 295 = -s, 0 = d + 3*s - 48. Calculate the highest common divisor of d and 90.
45
Let v be (4325/346)/(-5 - (1 - 1))*-56. Suppose -4*t = -43 - 377. What is the highest common divisor of t and v?
35
Let a(p) = 32*p - 19. Let j be a(5). What is the highest common factor of 94 and j?
47
Let i(f) = 5*f**2 - 14*f - 26. Let u be i(6). What is the greatest common divisor of u and 830?
10
Suppose 0 = 2*m - 469 - 289. Let u = m + -367. What is the highest common divisor of u and 66?
6
Suppose c - 1081 + 217 = -3*q, -q - 2*c = -288. What is the greatest common divisor of 54 and q?
18
Suppose 62 = 3*n - 0*n - 5*k, 116 = 5*n - 2*k. Suppose 40 = -f + 46. Let d(m) = -m**2 + 9*m - 15. Let i be d(f). What is the greatest common factor of n and i?
3
Suppose 9*q = 7*q - 2*h + 8, -12 = -3*q + 4*h. Let z = -6 + 6. Suppose z = -q*y + y + 27. What is the greatest common factor of 1 and y?
1
Suppose -795 = 40*p - 2075. Suppose -2*m + 19 + 109 = 0. What is the greatest common factor of m and p?
32
Let j(k) = -k**3 - 19*k**2 - 10*k + 254. Let m be j(-18). What is the greatest common factor of m and 33?
11
Suppose -5*c - 30 = 5*u, 2*u + 5 = -c - 6. Let p(t) = -10*t + 16. Let f be p(u). What is the greatest common factor of f and 33?
33
Let z = 1 + -21. Let g = 63 + z. Suppose x - g = j, -179 = -5*x + j + 24. What is the greatest common factor of 280 and x?
40
Suppose -43*p - 2230 = -9970. What is the greatest common divisor of 1755 and p?
45
Let f be 0 + 1 - (-1 + -304). Let h be -4 - 42/(-10) - 5/25. Suppose 0*j - 29 = -k + 5*j, 2*k + 4*j - 72 = h. Calculate the highest common divisor of f and k.
34
Let d(t) = 9*t - 187. Let k be d(21). Suppose g - 80 = k*s, 248 + 182 = 5*g + 5*s. Let r be 128/3 + (-2)/3. Calculate the greatest common divisor of g and r.
42
Let n(m) = m + 4. Let g be n(7). Let x = 233 + -132. Suppose -5*f + 106 = x. What is the greatest common factor of f and g?
1
Let q(i) = 49*i**3 - 4*i**2 + 25*i + 1. Let o be q(3). Suppose -75 = -2*v + 5*j - 42, 5 = j. Calculate the greatest common factor of v and o.
29
Let o(y) = y**3 - 3*y**2 + y + 5. Let s be o(3). Suppose -21*u + 323 = -13. Calculate the greatest common factor of s and u.
8
Let z(o) = o**3 + 18*o**2 - 21*o - 20. Let h be z(-19). Let k(y) = -y**3 + 12. Let x be k(0). What is the greatest common divisor of x and h?
6
Let w(g) = -g**3 + 12*g**2 - 47*g + 127. Let y be w(6). Calculate the highest common divisor of y and 10858.
61
Let r be -9 - (4385/(-1) - 4/(-2)). What is the highest common factor of 9 and r?
9
Suppose -12*v + 0 = -12. Let b(g) = -9*g + 9. Let r be b(v). Let f be 3 + -1 + r + 100. Calculate the highest common divisor of f and 17.
17
Let z = 5977 - 5965. Let d = 8 - 10. Let y be (-1 - d)/((-2)/(-8)). What is the greatest common factor of y and z?
4
Suppose -5*j + 899 = -c, -3*j - 23*c = -27*c - 536. What is the greatest common factor of j and 320?
20
Let x(g) = 6*g - 55. Let q be x(8). Let k(o) = -o**3 - 5*o**2 + 10*o. Let a be k(q). Calculate the highest common divisor of 98 and a.
14
Let x = -9537 - -9605. Calculate the greatest common factor of 68 and x.
68
Let c be (-8 - -8) + (0 - -12). Let g(r) = -5*r - 2. Let s be g(-10). What is the highest common factor of s and c?
12
Let w = 6138 - 4362. Calculate the highest common divisor of 72 and w.
24
Let s = -3248 + 3384. Calculate the greatest common divisor of s and